is the remainder when 23680 is divided by 36?
28
What is the remainder when 11492369 is divided by 857?
856
Calculate the remainder when 346 is divided by 158.
30
What is the remainder when 56928 is divided by 356?
324
Calculate the remainder when 1879041 is divided by 366.
363
Calculate the remainder when 478981 is divided by 8.
5
What is the remainder when 1262 is divided by 314?
6
What is the remainder when 481 is divided by 121?
118
What is the remainder when 1385 is divided by 254?
115
What is the remainder when 73083 is divided by 7301?
73
Calculate the remainder when 446043 is divided by 22.
15
Calculate the remainder when 5829 is divided by 53.
52
Calculate the remainder when 78970 is divided by 19735.
30
Calculate the remainder when 27908 is divided by 55.
23
Calculate the remainder when 8443 is divided by 95.
83
Calculate the remainder when 3010948 is divided by 30.
28
Calculate the remainder when 12056 is divided by 82.
2
Calculate the remainder when 12352 is divided by 2469.
7
What is the remainder when 16962 is divided by 34?
30
Calculate the remainder when 76899 is divided by 21.
18
What is the remainder when 220929 is divided by 89?
31
Calculate the remainder when 354 is divided by 80.
34
Calculate the remainder when 24677 is divided by 103.
60
What is the remainder when 150582 is divided by 90?
12
Calculate the remainder when 3317 is divided by 163.
57
Calculate the remainder when 45536 is divided by 12.
8
Calculate the remainder when 589721 is divided by 233.
231
What is the remainder when 2023 is divided by 692?
639
What is the remainder when 111740 is divided by 75?
65
What is the remainder when 15677 is divided by 749?
697
Calculate the remainder when 11724 is divided by 230.
224
Calculate the remainder when 2267 is divided by 218.
87
Calculate the remainder when 1344 is divided by 1263.
81
What is the remainder when 1040 is divided by 164?
56
What is the remainder when 1825 is divided by 237?
166
What is the remainder when 66628 is divided by 486?
46
What is the remainder when 130044 is divided by 255?
249
Calculate the remainder when 38513 is divided by 45.
38
What is the remainder when 31746 is divided by 276?
6
What is the remainder when 201078 is divided by 50268?
6
Calculate the remainder when 735047 is divided by 24501.
17
What is the remainder when 26884 is divided by 1920?
4
Calculate the remainder when 22475 is divided by 91.
89
Calculate the remainder when 32662 is divided by 710.
2
Calculate the remainder when 1341418 is divided by 323.
322
Calculate the remainder when 109448 is divided by 199.
197
Calculate the remainder when 2601 is divided by 145.
136
Calculate the remainder when 9520 is divided by 1038.
178
Calculate the remainder when 6951 is divided by 1029.
777
Calculate the remainder when 1581 is divided by 38.
23
Calculate the remainder when 131998 is divided by 24.
22
What is the remainder when 9227 is divided by 1153?
3
Calculate the remainder when 15285 is divided by 481.
374
Calculate the remainder when 44523 is divided by 181.
178
Calculate the remainder when 382093 is divided by 127358.
19
Calculate the remainder when 536391 is divided by 1800.
1791
What is the remainder when 18733 is divided by 1916?
1489
What is the remainder when 71804 is divided by 43?
37
What is the remainder when 404950 is divided by 141?
139
What is the remainder when 130862 is divided by 49?
32
Calculate the remainder when 68551 is divided by 34238.
75
What is the remainder when 66794 is divided by 19?
9
Calculate the remainder when 5843 is divided by 211.
146
What is the remainder when 22797 is divided by 32?
13
Calculate the remainder when 1509300 is divided by 47.
36
What is the remainder when 41370 is divided by 6895?
0
What is the remainder when 22215 is divided by 7380?
75
What is the remainder when 19051 is divided by 389?
379
Calculate the remainder when 342080 is divided by 118.
116
Calculate the remainder when 6280 is divided by 2084.
28
Calculate the remainder when 24110 is divided by 141.
140
What is the remainder when 2059 is divided by 47?
38
Calculate the remainder when 6869 is divided by 196.
9
What is the remainder when 869 is divided by 340?
189
What is the remainder when 18003 is divided by 17993?
10
What is the remainder when 247676 is divided by 82547?
35
Calculate the remainder when 3746 is divided by 487.
337
What is the remainder when 223348 is divided by 74445?
13
Calculate the remainder when 4554 is divided by 161.
46
Calculate the remainder when 6315 is divided by 71.
67
Calculate the remainder when 190 is divided by 93.
4
Calculate the remainder when 87701 is divided by 141.
140
What is the remainder when 155615 is divided by 8190?
5
What is the remainder when 560232 is divided by 70028?
8
Calculate the remainder when 40605 is divided by 556.
17
Calculate the remainder when 10292 is divided by 10046.
246
What is the remainder when 12877 is divided by 99?
7
What is the remainder when 2602 is divided by 515?
27
What is the remainder when 99277 is divided by 99270?
7
Calculate the remainder when 3578253 is divided by 1192751.
0
What is the remainder when 17572 is divided by 876?
52
What is the remainder when 1104 is divided by 189?
159
What is the remainder when 593466 is divided by 23?
20
Calculate the remainder when 854955 is divided by 26.
23
Calculate the remainder when 52974 is divided by 5293.
44
Calculate the remainder when 9996 is divided by 914.
856
Calculate the remainder when 20597 is divided by 424.
245
What is the remainder when 7314 is divided by 27?
24
What is the remainder when 56885 is divided by 114?
113
Calculate the remainder when 1543343 is divided by 132.
131
Calculate the remainder when 624922 is divided by 1959.
1
What is the remainder when 142346 is divided by 71144?
58
Calculate the remainder when 831 is divided by 624.
207
What is the remainder when 199039 is divided by 119?
71
Calculate the remainder when 12888 is divided by 146.
40
What is the remainder when 2937214 is divided by 115?
114
What is the remainder when 1436 is divided by 24?
20
What is the remainder when 2902 is divided by 57?
52
Calculate the remainder when 675233 is divided by 69.
68
What is the remainder when 250385 is divided by 38?
3
Calculate the remainder when 390803 is divided by 43422.
5
Calculate the remainder when 606449 is divided by 622.
621
What is the remainder when 8246 is divided by 6?
2
What is the remainder when 4554 is divided by 52?
30
Calculate the remainder when 1864002 is divided by 31.
3
Calculate the remainder when 71781 is divided by 131.
124
Calculate the remainder when 97391 is divided by 289.
287
Calculate the remainder when 15221 is divided by 543.
17
What is the remainder when 10416 is divided by 361?
308
Calculate the remainder when 4392 is divided by 6.
0
Calculate the remainder when 1347684 is divided by 9.
6
What is the remainder when 75515 is divided by 21?
20
What is the remainder when 5315 is divided by 86?
69
Calculate the remainder when 177 is divided by 84.
9
What is the remainder when 330322 is divided by 82579?
6
Calculate the remainder when 2054 is divided by 10.
4
What is the remainder when 3955 is divided by 5?
0
Calculate the remainder when 3041 is divided by 74.
7
Calculate the remainder when 2927 is divided by 550.
177
What is the remainder when 14614 is divided by 14299?
315
What is the remainder when 63061 is divided by 273?
271
What is the remainder when 2177 is divided by 20?
17
Calculate the remainder when 1045 is divided by 331.
52
What is the remainder when 69060 is divided by 244?
8
What is the remainder when 12329 is divided by 825?
779
What is the remainder when 861 is divided by 189?
105
What is the remainder when 18006 is divided by 785?
736
What is the remainder when 195760 is divided by 65246?
22
What is the remainder when 2120275 is divided by 11?
3
Calculate the remainder when 22246 is divided by 30.
16
Calculate the remainder when 2144495 is divided by 1039.
1038
Calculate the remainder when 472208 is divided by 123.
11
What is the remainder when 19715 is divided by 129?
107
What is the remainder when 3630 is divided by 71?
9
What is the remainder when 13216 is divided by 178?
44
Calculate the remainder when 13772 is divided by 112.
108